ighest common factor of 712 and 25365?
89
What is the highest common divisor of 72 and 23112?
72
What is the greatest common divisor of 40 and 18402040?
40
Calculate the highest common divisor of 128217 and 237.
237
Calculate the highest common factor of 2100 and 18100.
100
What is the greatest common factor of 308 and 798644?
308
What is the greatest common divisor of 9773820 and 1260?
1260
Calculate the greatest common factor of 44 and 194062.
22
Calculate the greatest common factor of 260 and 44140.
20
Calculate the highest common factor of 11931 and 2337.
123
Calculate the highest common factor of 30 and 175560.
30
Calculate the highest common factor of 9 and 86049.
9
Calculate the greatest common divisor of 37710 and 6570.
90
What is the greatest common factor of 100 and 25250?
50
Calculate the greatest common factor of 136938 and 522.
174
Calculate the greatest common divisor of 1617 and 387051.
147
What is the greatest common divisor of 37066 and 86?
86
Calculate the highest common factor of 758582 and 1276.
638
Calculate the greatest common factor of 1465 and 836515.
1465
What is the greatest common divisor of 22395 and 420?
15
What is the greatest common divisor of 30 and 67914?
6
What is the highest common factor of 637 and 35231?
49
Calculate the highest common factor of 2244678 and 366.
366
What is the highest common divisor of 837 and 12183?
93
What is the highest common factor of 25134 and 2478?
354
What is the highest common factor of 209 and 112594?
19
What is the greatest common factor of 563409 and 20325?
813
What is the highest common divisor of 1056 and 2664?
24
Calculate the highest common divisor of 235 and 601459.
47
Calculate the highest common divisor of 38613 and 5307.
183
Calculate the greatest common divisor of 584 and 19336.
8
What is the greatest common divisor of 70640 and 2320?
80
What is the highest common divisor of 6 and 120297?
3
What is the greatest common factor of 3441 and 7881?
111
What is the greatest common divisor of 2141586 and 108?
54
What is the greatest common factor of 4 and 57523?
1
Calculate the highest common factor of 936 and 1978938.
234
What is the highest common factor of 70 and 1931670?
10
What is the greatest common divisor of 5 and 1192575?
5
What is the highest common divisor of 3438 and 333?
9
Calculate the greatest common factor of 3565 and 6789.
31
Calculate the highest common factor of 27122 and 2272.
142
What is the highest common divisor of 564199 and 40393?
1303
What is the greatest common divisor of 8 and 65296?
8
What is the greatest common divisor of 15 and 118345?
5
Calculate the greatest common factor of 429 and 107107.
143
What is the greatest common factor of 24192 and 189?
189
Calculate the greatest common divisor of 29 and 7378934.
29
What is the highest common divisor of 4942 and 42?
14
Calculate the greatest common divisor of 235 and 8984050.
235
What is the highest common factor of 1984 and 1067888?
496
What is the highest common factor of 102 and 4045218?
102
Calculate the greatest common factor of 5122446 and 42.
42
What is the greatest common factor of 15806 and 161?
7
What is the highest common divisor of 278 and 40727?
139
What is the highest common factor of 240 and 38040?
120
What is the greatest common divisor of 376 and 38634?
94
Calculate the highest common factor of 1908 and 582.
6
What is the highest common divisor of 1218329 and 7?
7
Calculate the highest common divisor of 1796 and 3200.
4
What is the highest common factor of 16 and 468044?
4
Calculate the greatest common divisor of 215774 and 3913.
559
What is the greatest common factor of 2941 and 17?
17
What is the greatest common factor of 81 and 11061?
9
What is the greatest common divisor of 208404 and 378?
126
Calculate the greatest common divisor of 452114 and 65.
13
What is the greatest common factor of 287807 and 786?
131
Calculate the highest common divisor of 74 and 935582.
74
What is the greatest common factor of 11875 and 3325?
475
What is the greatest common factor of 25036 and 1100?
44
What is the highest common factor of 318 and 137217?
159
Calculate the highest common factor of 513 and 1007.
19
What is the highest common divisor of 155573 and 11?
11
What is the highest common divisor of 126 and 5432?
14
What is the highest common divisor of 64561 and 48139?
161
What is the highest common factor of 6942 and 25632?
534
What is the greatest common factor of 309 and 1520074?
103
Calculate the highest common factor of 17954 and 94.
94
What is the highest common factor of 1605 and 4922?
107
What is the highest common divisor of 158625 and 2625?
375
What is the greatest common divisor of 24524 and 16?
4
Calculate the highest common divisor of 33 and 5709.
33
Calculate the greatest common factor of 326 and 4329117.
163
Calculate the greatest common divisor of 107619 and 113804.
1237
What is the greatest common factor of 261812 and 1708?
244
Calculate the highest common divisor of 4350 and 66.
6
What is the greatest common divisor of 908 and 37909?
227
What is the greatest common factor of 288 and 41568?
96
Calculate the highest common divisor of 217 and 20057.
31
Calculate the highest common divisor of 612 and 25364.
68
What is the greatest common divisor of 5900 and 27100?
100
Calculate the highest common divisor of 63141 and 741.
39
What is the greatest common factor of 3625 and 6641?
29
Calculate the highest common factor of 70 and 1360394.
14
Calculate the greatest common divisor of 1107 and 68142.
123
Calculate the highest common divisor of 530 and 236720.
10
What is the highest common divisor of 1920 and 6968160?
480
Calculate the greatest common divisor of 186 and 913818.
186
Calculate the highest common divisor of 768392 and 3753.
139
Calculate the highest common divisor of 582403 and 51.
17
Calculate the highest common divisor of 3465384 and 12.
12
Calculate the highest common divisor of 57356 and 208.
52
Calculate the greatest common factor of 26475 and 525.
75
Calculate the highest common factor of 2782 and 208.
26
Calculate the highest common divisor of 220 and 107020.
20
Calculate the highest common divisor of 133 and 26942.
19
What is the highest common divisor of 1150 and 1660?
10
Calculate the greatest common divisor of 3892 and 17276.
28
Calculate the greatest common divisor of 14375 and 575.
575
What is the greatest common divisor of 30 and 758355?
15
Calculate the greatest common divisor of 26 and 61893.
13
Calculate the greatest common factor of 4359454 and 957.
319
What is the greatest common factor of 128 and 6724?
4
Calculate the greatest common divisor of 9 and 244752.
3
What is the highest common divisor of 31034 and 7906?
118
What is the highest common factor of 1279330 and 1690?
1690
Calculate the greatest common divisor of 28551 and 248.
31
Calculate the highest common divisor of 1906 and 218.
2
What is the highest common factor of 390 and 12460?
10
What is the highest common factor of 12 and 49332?
12
What is the highest common factor of 2626 and 11918?
202
Calculate the greatest common factor of 91225 and 656.
41
What is the greatest common divisor of 448643 and 2?
1
Calculate the highest common factor of 226 and 5787295.
113
Calculate the highest common factor of 453 and 47867.
151
What is the greatest common factor of 100 and 6475?
25
Calculate the highest common factor of 1507581 and 207.
207
Calculate the greatest common factor of 613336 and 8.
8
What is the highest common divisor of 226616 and 312?
104
Calculate the greatest common divisor of 28610 and 90.
10
What is the highest common factor of 316 and 817?
1
Calculate the highest common divisor of 100 and 28550.
50
Calculate the greatest common factor of 51864 and 5.
1
What is the highest common divisor of 79310 and 1155?
385
Calculate the highest common factor of 7645 and 324565.
695
What is the greatest common factor of 228510 and 90?
90
What is the greatest common divisor of 5604 and 84?
12
Calculate the highest common factor of 27373 and 217.
31
Calculate the highest common divisor of 952 and 2212.
28
Calculate the highest common divisor of 37 and 4736.
37
What is the greatest common factor of 20224 and 316?
316
Calculate the greatest common factor of 4445 and 791.
7
Calculate the highest common fac